{"id":598,"date":"2020-12-18T13:29:20","date_gmt":"2020-12-18T12:29:20","guid":{"rendered":"https:\/\/www.dehner.de\/unternehmen\/?page_id=598"},"modified":"2021-01-21T11:19:14","modified_gmt":"2021-01-21T10:19:14","slug":"gaertnersiedlung-rain","status":"publish","type":"page","link":"https:\/\/www.dehner.de\/unternehmen\/unternehmen\/philosophie-engagement\/gaertnersiedlung-rain\/","title":{"rendered":"G\u00e4rtnersiedlung Rain"},"content":{"rendered":"<div class=\"container page-content dehner-paragraph \">\n\t<div class=\"ce-gridRow6040 row\">\n\t\t<div class=\"colpos-101 col-xs-12 col-md-7\">\n\t\t\t<div id=\"block_5fdc9fbdc0f0a\" class=\"ce-text\">\n\t\t\t\t<header class=\"fsc\">\n\t\t\t\t\t\t\t\t\t\t\t<strong class=\"subheader\">Initiative zur Gr\u00fcndung der<\/strong>\n\t\t\t\t\t\t\t\t\t\t\t\t\t\t\t\t<h2>G\u00e4rtnersiedlung Rain<\/h2>\n\t\t\t\t\t\t\t\t\t<\/header>\n\t\t\t\t<div class=\"bodytext\">\n\t\t\t\t\t\t\t\t\t\t\t<p>Die Situation der kleinen s\u00fcddeutschen G\u00e4rtnereien in den 90er Jahren war nicht einfach. Insbesondere die Internationalisierung und die zunehmende Erzeugung durch Gro\u00dfbetriebe machte es den kleinen G\u00e4rtnereien in S\u00fcddeutschland nicht einfach, konkurrenzf\u00e4hig zu bleiben.<\/p>\n<h4>Die Idee<\/h4>\n<p>Warum nicht G\u00e4rtner und Produzenten versammeln, um Pflanzen nicht nur zu z\u00fcchten, sondern den kompletten Ablauf von Angebot und Bestellung, \u00fcber Kommissionierung bis zu Verladung und Transport zu realisieren. Alles aus einer Hand sozusagen.<\/p>\n<p>Die Voraussetzungen f\u00fcr diese G\u00e4rtnersiedlung waren g\u00fcnstig: Es stehen gen\u00fcgend geeignete Fl\u00e4chen zur Verf\u00fcgung, die die Investoren in Erbpacht \u00fcbernehmen konnten. Es gab eine \u00f6ffentliche F\u00f6rderung aus EU-Mitteln, um die Finanzierung zu erleichtern und es gibt nur einen Abnehmer vor Ort &#8211; Dehner &#8211; der die gesamte Produktion abnimmt und \u00fcber seine Garten-Center vertreibt.<\/p>\n<p>Am 30. M\u00e4rz 2000 wurde die G\u00e4rtnersiedlung, konzipiert nach modernsten Gesichtspunkten, in der N\u00e4he von Rain am Lech offiziell eingeweiht. Sie entstand in Kooperation mit uns, der Dehner Gartencenter GmbH &amp; Co. KG, der Stadt Rain und dem Freistaat Bayern. Heute sind es sieben G\u00e4rtnereien, die unter dem Namen &#8222;G\u00e4rtnersiedlung Rain GmbH&#8220; gemeinsam auftreten, jede einzelne davon auf bestimmte Topf- und Zierpflanzen spezialisiert.<\/p>\n\t\t\t\t\t\t\t\t\t<\/div>\n\t\t\t<\/div>\n\t\t<\/div>\n\t\t\t\t\t<div class=\"colpos-102 col-xs-12 col-md-5\">\n\t\t\t\t                                                    <div class=\"ce-image\">\n                                <picture><img decoding=\"async\" class=\"img-responsive\" src=\"https:\/\/www.dehner.de\/unternehmen\/app\/uploads\/sites\/3\/2020\/12\/Gaertnersiedlung-Rain-am-Lech.jpg\" srcset=\"https:\/\/www.dehner.de\/unternehmen\/app\/uploads\/sites\/3\/2020\/12\/Gaertnersiedlung-Rain-am-Lech.jpg 800w, https:\/\/www.dehner.de\/unternehmen\/app\/uploads\/sites\/3\/2020\/12\/Gaertnersiedlung-Rain-am-Lech-768x576.jpg 768w\" sizes=\"(max-width: ) 100vw, \"\/><\/picture>                            <\/div>\n                                                <div id=\"block_5fdc9fbdc0f0a\">\n                                                                                    <ul class=\"arrows ce-menu ce-menu-0\">\n                                                                        <li>\n                                        <svg id=\"chevron-right\" class=\"icon svg-chevron-right-dims\" viewBox=\"0 0 10 16\" role=\"img\" aria-labelledby=\"title\"><title>chevron-right<\/title><path d=\"M6.55 8.112L.02 14.459l1.394 1.434L9.37 8.16 1.434 0 0 1.395z\" fill=\"currentColor\" fill-rule=\"evenodd\"><\/path><\/svg>\n                                            <a target=\"\" href=\"\/unternehmen\/unternehmen\/philosophie-engagement\/\">Philosophie &amp; Engagement<\/a>\n                                        <\/li>\n                                                                                                            <li>\n                                        <svg id=\"chevron-right\" class=\"icon svg-chevron-right-dims\" viewBox=\"0 0 10 16\" role=\"img\" aria-labelledby=\"title\"><title>chevron-right<\/title><path d=\"M6.55 8.112L.02 14.459l1.394 1.434L9.37 8.16 1.434 0 0 1.395z\" fill=\"currentColor\" fill-rule=\"evenodd\"><\/path><\/svg>\n                                            <a target=\"\" href=\"\/unternehmen\/unternehmen\/philosophie-engagement\/dehner-hilfsfonds\/\">Dehner Hilfsfonds<\/a>\n                                        <\/li>\n                                                                                                            <li>\n                                        <svg id=\"chevron-right\" class=\"icon svg-chevron-right-dims\" viewBox=\"0 0 10 16\" role=\"img\" aria-labelledby=\"title\"><title>chevron-right<\/title><path d=\"M6.55 8.112L.02 14.459l1.394 1.434L9.37 8.16 1.434 0 0 1.395z\" fill=\"currentColor\" fill-rule=\"evenodd\"><\/path><\/svg>\n                                            <a target=\"\" href=\"\/unternehmen\/unternehmen\/philosophie-engagement\/tierkodex\/\">Tierkodex<\/a>\n                                        <\/li>\n                                                                                                            <li>\n                                        <svg id=\"chevron-right\" class=\"icon svg-chevron-right-dims\" viewBox=\"0 0 10 16\" role=\"img\" aria-labelledby=\"title\"><title>chevron-right<\/title><path d=\"M6.55 8.112L.02 14.459l1.394 1.434L9.37 8.16 1.434 0 0 1.395z\" fill=\"currentColor\" fill-rule=\"evenodd\"><\/path><\/svg>\n                                            <a target=\"\" href=\"\/unternehmen\/unternehmen\/philosophie-engagement\/auszeichnungen\/\">Auszeichnungen<\/a>\n                                        <\/li>\n                                                                                                <\/ul>\n                                                    <\/div>\n\t\t\t\t\t\t\t\t\t\t\t\t<\/div>\n\t\t\t<\/div>\n<\/div>\n\n\n<div class=\"container page-content dehner-paragraph \">\n\t<div class=\"ce-gridRow6040 \">\n\t\t<div class=\"colpos-101 col-12\">\n\t\t\t<div id=\"block_5fdca023c0f10\" class=\"ce-text\">\n\t\t\t\t<header class=\"fsc\">\n\t\t\t\t\t\t\t\t\t\t\t\t\t\t<\/header>\n\t\t\t\t<div class=\"bodytext\">\n\t\t\t\t\t\t\t\t\t\t\t<h4>Unser Vorteil ist Ihr Vorteil<\/h4>\n<p>Als Dehner Kunde erhalten Sie mit Produkten aus der\u00a0<a title=\"G\u00e4rtnersiedlung Rain\" href=\"http:\/\/www.gaertnersiedlung.com\/\" target=\"_blank\" rel=\"noopener\"><b>G\u00e4rtnersiedlung Rain<\/b><\/a>\u00a0hochwertige, umweltschonend hergestellte Pflanzen aus heimischer Produktion. Die Ware ist immer besonders frisch, denn die Pflanzen kommen auf kurzen Wegen in die Dehner M\u00e4rkte. Dank der effektiven Zusammenarbeit bekommen Sie beste Qualit\u00e4t zu g\u00fcnstigen Preisen.<\/p>\n<h4>Die G\u00e4rtnersiedlung auf einen Blick<\/h4>\n<ul>\n<li>Anbaufl\u00e4che: 340.000 m\u00b2 Gew\u00e4chshausfl\u00e4che, 150.000 m\u00b2 Freiland<\/li>\n<li>Mitglieder: Hartmann Gartenbau GmbH &amp; Co. KG, R. Bosch KG, Dechant Gartenbau GmbH &amp; Co. KG, Hartmann GbR, K &amp; K Pflanzen GmbH &amp; Co. KG, M\u00fcller Gartenbau KG \/ Helix Pflanzen GmbH, Seidl GbR; ca. 150 Mitarbeiter<\/li>\n<li>Produkte: j\u00e4hrlich rund 30 Mio. Pflanzen; Zierpflanzen: Fr\u00fchjahrsbl\u00fcher, Beet- und Balkonpflanzen, Herbstartikel, bl\u00fchende Topfpflanzen, Gr\u00fcnpflanzen, Containerstauden, Bodendecker. Nutzpflanzen: Gem\u00fcsejungpflanzen, Balkongem\u00fcse mit Fr\u00fcchten im Container, Kr\u00e4uter<\/li>\n<li>Entwicklung:\n<ul>\n<li>1998 bis 1999 die ersten Betriebe siedeln sich an<\/li>\n<li>M\u00e4rz 2000 Offizielle Er\u00f6ffnung; Innovationspreis des deutschen Gartenbaus<\/li>\n<li>November 2000 Gr\u00fcndung der G\u00e4rtnersiedlung Rain GmbH<\/li>\n<li>2005 bis 2018 st\u00e4ndige Erweiterungen der Anbaufl\u00e4chen; Weiterentwicklung und Verbesserung des Energiekonzeptes, teils durch regenerative Energien (z.B. Hackschnitzelheizung, Fernw\u00e4rme, Biogas)<\/li>\n<li>2013 neuer Betriebsteil f\u00fcr Kr\u00e4uter startet die Produktion, Produktion auf Rinnen-Mobiltischen inkl. kompletter, neuer Produktionstechnik (Heizung, Bew\u00e4sserung, Schattierung, Topf- und R\u00fcckautomaten, &#8230;)<\/li>\n<li>2017 Erwerb weiterer Expansionsfl\u00e4chen vom Freistaat Bayern<\/li>\n<li>2018 neue Technik in der Freilandproduktion: geschlossene und rezirkulierende Bew\u00e4sserungssysteme f\u00fcr Stauden und Kr\u00e4uter reduzieren nun auch im Freiland den Wasserverbrauch<\/li>\n<\/ul>\n<\/li>\n<\/ul>\n\t\t\t\t\t\t\t\t\t<\/div>\n\t\t\t<\/div>\n\t\t<\/div>\n\t\t\t<\/div>\n<\/div>\n\n\n<div class=\"container page-content\">\n    <div class=\"ce-container\">\n        <div class=\"width-default\">\n                        <div class=\"slider ce-slidercontainer content-slider\" id=\"slider-block_5fdca037c0f11\" data-slick='{&quot;autoplay&quot;:true,&quot;arrows&quot;:true,&quot;dots&quot;:true,&quot;ease&quot;:&quot;ease-in-out&quot;,&quot;slidesToShow&quot;:1,&quot;slidesToScroll&quot;:1,&quot;autoplaySpeed&quot;:5000,&quot;prevArrow&quot;:&quot;&lt;button type=\\&quot;button\\&quot; class=\\&quot;slick-prev\\&quot;&gt;&lt;svg class=\\&quot;icon svg-chevron-left-dims\\&quot; viewBox=\\&quot;0 0 10 16\\&quot; role=\\&quot;img\\&quot; aria-labelledby=\\&quot;title\\&quot;&gt;&lt;use xlink:href=\\&quot;https:\\\/\\\/www.dehner.de\\\/unternehmen\\\/app\\\/themes\\\/dehner-unternehmen\\\/assets\\\/images\\\/icons\\\/icons-symbols.svg#chevron-left\\&quot;&gt;&lt;\\\/use&gt;&lt;\\\/svg&gt;&lt;\\\/button&gt;&quot;,&quot;nextArrow&quot;:&quot;&lt;button type=\\&quot;button\\&quot; class=\\&quot;slick-next\\&quot;&gt;&lt;svg class=\\&quot;icon svg-chevron-right-dims\\&quot; viewBox=\\&quot;0 0 10 16\\&quot; role=\\&quot;img\\&quot; aria-labelledby=\\&quot;title\\&quot;&gt;&lt;use xlink:href=\\&quot;https:\\\/\\\/www.dehner.de\\\/unternehmen\\\/app\\\/themes\\\/dehner-unternehmen\\\/assets\\\/images\\\/icons\\\/icons-symbols.svg#chevron-right\\&quot;&gt;&lt;\\\/use&gt;&lt;\\\/svg&gt;&lt;\\\/button&gt;&quot;,&quot;responsive&quot;:[{&quot;breakpoint&quot;:576,&quot;settings&quot;:{&quot;arrows&quot;:false}}]}'>\n                <div class=\"ce-slideritem\"><figure class='slide-image'><picture><img decoding=\"async\" class=\"\" src=\"https:\/\/www.dehner.de\/unternehmen\/app\/uploads\/sites\/3\/2020\/12\/csm_Geranien_035538cde4.jpg\" srcset=\"https:\/\/www.dehner.de\/unternehmen\/app\/uploads\/sites\/3\/2020\/12\/csm_Geranien_035538cde4.jpg 1920w, https:\/\/www.dehner.de\/unternehmen\/app\/uploads\/sites\/3\/2020\/12\/csm_Geranien_035538cde4-768x296.jpg 768w, https:\/\/www.dehner.de\/unternehmen\/app\/uploads\/sites\/3\/2020\/12\/csm_Geranien_035538cde4-1536x592.jpg 1536w\" sizes=\"(max-width: 1920px) 100vw, 1920px\"\/><\/picture><\/figure>                                    <figcaption class=\"slide-image-caption container\"><strong class=\"slide-image-caption-header \">Geranien<\/strong><\/figcaption>\n                                \n                            <\/div>\n                        <div class=\"ce-slideritem\"><figure class='slide-image'><picture><img decoding=\"async\" class=\"\" src=\"https:\/\/www.dehner.de\/unternehmen\/app\/uploads\/sites\/3\/2020\/12\/csm_Hortensien_08fdc5acce.jpg\" srcset=\"https:\/\/www.dehner.de\/unternehmen\/app\/uploads\/sites\/3\/2020\/12\/csm_Hortensien_08fdc5acce.jpg 1920w, https:\/\/www.dehner.de\/unternehmen\/app\/uploads\/sites\/3\/2020\/12\/csm_Hortensien_08fdc5acce-768x296.jpg 768w, https:\/\/www.dehner.de\/unternehmen\/app\/uploads\/sites\/3\/2020\/12\/csm_Hortensien_08fdc5acce-1536x592.jpg 1536w\" sizes=\"(max-width: 1920px) 100vw, 1920px\"\/><\/picture><\/figure>                                    <figcaption class=\"slide-image-caption container\"><strong class=\"slide-image-caption-header \">Hortensien<\/strong><\/figcaption>\n                                \n                            <\/div>\n                        <div class=\"ce-slideritem\"><figure class='slide-image'><picture><img decoding=\"async\" class=\"\" src=\"https:\/\/www.dehner.de\/unternehmen\/app\/uploads\/sites\/3\/2020\/12\/csm_Primeln_6ce1f8b8cd.jpg\" srcset=\"https:\/\/www.dehner.de\/unternehmen\/app\/uploads\/sites\/3\/2020\/12\/csm_Primeln_6ce1f8b8cd.jpg 1920w, https:\/\/www.dehner.de\/unternehmen\/app\/uploads\/sites\/3\/2020\/12\/csm_Primeln_6ce1f8b8cd-768x296.jpg 768w, https:\/\/www.dehner.de\/unternehmen\/app\/uploads\/sites\/3\/2020\/12\/csm_Primeln_6ce1f8b8cd-1536x592.jpg 1536w\" sizes=\"(max-width: 1920px) 100vw, 1920px\"\/><\/picture><\/figure>                                    <figcaption class=\"slide-image-caption container\"><strong class=\"slide-image-caption-header \">Primeln<\/strong><\/figcaption>\n                                \n                            <\/div>\n                        <div class=\"ce-slideritem\"><figure class='slide-image'><picture><img decoding=\"async\" class=\"\" src=\"https:\/\/www.dehner.de\/unternehmen\/app\/uploads\/sites\/3\/2020\/12\/csm_Weihnachtssterne_72eb69c737.jpg\" srcset=\"https:\/\/www.dehner.de\/unternehmen\/app\/uploads\/sites\/3\/2020\/12\/csm_Weihnachtssterne_72eb69c737.jpg 1920w, https:\/\/www.dehner.de\/unternehmen\/app\/uploads\/sites\/3\/2020\/12\/csm_Weihnachtssterne_72eb69c737-768x296.jpg 768w, https:\/\/www.dehner.de\/unternehmen\/app\/uploads\/sites\/3\/2020\/12\/csm_Weihnachtssterne_72eb69c737-1536x592.jpg 1536w\" sizes=\"(max-width: 1920px) 100vw, 1920px\"\/><\/picture><\/figure>                                    <figcaption class=\"slide-image-caption container\"><strong class=\"slide-image-caption-header \">Weihnachtssterne<\/strong><\/figcaption>\n                                \n                            <\/div>\n                                    <\/div>\n        <\/div>\n    <\/div>\n<\/div>\n","protected":false},"excerpt":{"rendered":"","protected":false},"author":1,"featured_media":0,"parent":214,"menu_order":0,"comment_status":"closed","ping_status":"closed","template":"","meta":{"_acf_changed":false,"footnotes":""},"class_list":["post-598","page","type-page","status-publish","hentry"],"acf":[],"yoast_head":"<!-- This site is optimized with the Yoast SEO plugin v24.5 - https:\/\/yoast.com\/wordpress\/plugins\/seo\/ -->\n<title>G\u00e4rtnersiedlung Rain - Dehner Unternehmen<\/title>\n<meta name=\"robots\" content=\"index, follow, max-snippet:-1, max-image-preview:large, max-video-preview:-1\" \/>\n<link rel=\"canonical\" href=\"https:\/\/www.dehner.de\/unternehmen\/unternehmen\/philosophie-engagement\/gaertnersiedlung-rain\/\" \/>\n<meta property=\"og:locale\" content=\"de_DE\" \/>\n<meta property=\"og:type\" content=\"article\" \/>\n<meta property=\"og:title\" content=\"G\u00e4rtnersiedlung Rain - Dehner Unternehmen\" \/>\n<meta property=\"og:url\" content=\"https:\/\/www.dehner.de\/unternehmen\/unternehmen\/philosophie-engagement\/gaertnersiedlung-rain\/\" \/>\n<meta property=\"og:site_name\" content=\"Dehner Unternehmen\" \/>\n<meta property=\"article:modified_time\" content=\"2021-01-21T10:19:14+00:00\" \/>\n<meta name=\"twitter:card\" content=\"summary_large_image\" \/>\n<script type=\"application\/ld+json\" class=\"yoast-schema-graph\">{\"@context\":\"https:\/\/schema.org\",\"@graph\":[{\"@type\":\"WebPage\",\"@id\":\"https:\/\/www.dehner.de\/unternehmen\/unternehmen\/philosophie-engagement\/gaertnersiedlung-rain\/\",\"url\":\"https:\/\/www.dehner.de\/unternehmen\/unternehmen\/philosophie-engagement\/gaertnersiedlung-rain\/\",\"name\":\"G\u00e4rtnersiedlung Rain - Dehner Unternehmen\",\"isPartOf\":{\"@id\":\"https:\/\/www.dehner.de\/unternehmen\/#website\"},\"datePublished\":\"2020-12-18T12:29:20+00:00\",\"dateModified\":\"2021-01-21T10:19:14+00:00\",\"breadcrumb\":{\"@id\":\"https:\/\/www.dehner.de\/unternehmen\/unternehmen\/philosophie-engagement\/gaertnersiedlung-rain\/#breadcrumb\"},\"inLanguage\":\"de-DE\",\"potentialAction\":[{\"@type\":\"ReadAction\",\"target\":[\"https:\/\/www.dehner.de\/unternehmen\/unternehmen\/philosophie-engagement\/gaertnersiedlung-rain\/\"]}]},{\"@type\":\"BreadcrumbList\",\"@id\":\"https:\/\/www.dehner.de\/unternehmen\/unternehmen\/philosophie-engagement\/gaertnersiedlung-rain\/#breadcrumb\",\"itemListElement\":[{\"@type\":\"ListItem\",\"position\":1,\"name\":\"Home\",\"item\":\"https:\/\/www.dehner.de\/unternehmen\/\"},{\"@type\":\"ListItem\",\"position\":2,\"name\":\"\u00dcber uns\",\"item\":\"https:\/\/www.dehner.at\/unternehmen\/unternehmen\/\"},{\"@type\":\"ListItem\",\"position\":3,\"name\":\"Philosophie &amp; Engagement\",\"item\":\"https:\/\/www.dehner.de\/unternehmen\/unternehmen\/philosophie-engagement\/\"},{\"@type\":\"ListItem\",\"position\":4,\"name\":\"G\u00e4rtnersiedlung Rain\"}]},{\"@type\":\"WebSite\",\"@id\":\"https:\/\/www.dehner.de\/unternehmen\/#website\",\"url\":\"https:\/\/www.dehner.de\/unternehmen\/\",\"name\":\"Dehner Unternehmen\",\"description\":\"Eine weitere Dehner Websites Website\",\"potentialAction\":[{\"@type\":\"SearchAction\",\"target\":{\"@type\":\"EntryPoint\",\"urlTemplate\":\"https:\/\/www.dehner.de\/unternehmen\/?s={search_term_string}\"},\"query-input\":{\"@type\":\"PropertyValueSpecification\",\"valueRequired\":true,\"valueName\":\"search_term_string\"}}],\"inLanguage\":\"de-DE\"}]}<\/script>\n<!-- \/ Yoast SEO plugin. -->","yoast_head_json":{"title":"G\u00e4rtnersiedlung Rain - Dehner Unternehmen","robots":{"index":"index","follow":"follow","max-snippet":"max-snippet:-1","max-image-preview":"max-image-preview:large","max-video-preview":"max-video-preview:-1"},"canonical":"https:\/\/www.dehner.de\/unternehmen\/unternehmen\/philosophie-engagement\/gaertnersiedlung-rain\/","og_locale":"de_DE","og_type":"article","og_title":"G\u00e4rtnersiedlung Rain - Dehner Unternehmen","og_url":"https:\/\/www.dehner.de\/unternehmen\/unternehmen\/philosophie-engagement\/gaertnersiedlung-rain\/","og_site_name":"Dehner Unternehmen","article_modified_time":"2021-01-21T10:19:14+00:00","twitter_card":"summary_large_image","schema":{"@context":"https:\/\/schema.org","@graph":[{"@type":"WebPage","@id":"https:\/\/www.dehner.de\/unternehmen\/unternehmen\/philosophie-engagement\/gaertnersiedlung-rain\/","url":"https:\/\/www.dehner.de\/unternehmen\/unternehmen\/philosophie-engagement\/gaertnersiedlung-rain\/","name":"G\u00e4rtnersiedlung Rain - Dehner Unternehmen","isPartOf":{"@id":"https:\/\/www.dehner.de\/unternehmen\/#website"},"datePublished":"2020-12-18T12:29:20+00:00","dateModified":"2021-01-21T10:19:14+00:00","breadcrumb":{"@id":"https:\/\/www.dehner.de\/unternehmen\/unternehmen\/philosophie-engagement\/gaertnersiedlung-rain\/#breadcrumb"},"inLanguage":"de-DE","potentialAction":[{"@type":"ReadAction","target":["https:\/\/www.dehner.de\/unternehmen\/unternehmen\/philosophie-engagement\/gaertnersiedlung-rain\/"]}]},{"@type":"BreadcrumbList","@id":"https:\/\/www.dehner.de\/unternehmen\/unternehmen\/philosophie-engagement\/gaertnersiedlung-rain\/#breadcrumb","itemListElement":[{"@type":"ListItem","position":1,"name":"Home","item":"https:\/\/www.dehner.de\/unternehmen\/"},{"@type":"ListItem","position":2,"name":"\u00dcber uns","item":"https:\/\/www.dehner.at\/unternehmen\/unternehmen\/"},{"@type":"ListItem","position":3,"name":"Philosophie &amp; Engagement","item":"https:\/\/www.dehner.de\/unternehmen\/unternehmen\/philosophie-engagement\/"},{"@type":"ListItem","position":4,"name":"G\u00e4rtnersiedlung Rain"}]},{"@type":"WebSite","@id":"https:\/\/www.dehner.de\/unternehmen\/#website","url":"https:\/\/www.dehner.de\/unternehmen\/","name":"Dehner Unternehmen","description":"Eine weitere Dehner Websites Website","potentialAction":[{"@type":"SearchAction","target":{"@type":"EntryPoint","urlTemplate":"https:\/\/www.dehner.de\/unternehmen\/?s={search_term_string}"},"query-input":{"@type":"PropertyValueSpecification","valueRequired":true,"valueName":"search_term_string"}}],"inLanguage":"de-DE"}]}},"_links":{"self":[{"href":"https:\/\/www.dehner.de\/unternehmen\/wp-json\/wp\/v2\/pages\/598","targetHints":{"allow":["GET"]}}],"collection":[{"href":"https:\/\/www.dehner.de\/unternehmen\/wp-json\/wp\/v2\/pages"}],"about":[{"href":"https:\/\/www.dehner.de\/unternehmen\/wp-json\/wp\/v2\/types\/page"}],"author":[{"embeddable":true,"href":"https:\/\/www.dehner.de\/unternehmen\/wp-json\/wp\/v2\/users\/1"}],"replies":[{"embeddable":true,"href":"https:\/\/www.dehner.de\/unternehmen\/wp-json\/wp\/v2\/comments?post=598"}],"version-history":[{"count":6,"href":"https:\/\/www.dehner.de\/unternehmen\/wp-json\/wp\/v2\/pages\/598\/revisions"}],"predecessor-version":[{"id":1635,"href":"https:\/\/www.dehner.de\/unternehmen\/wp-json\/wp\/v2\/pages\/598\/revisions\/1635"}],"up":[{"embeddable":true,"href":"https:\/\/www.dehner.de\/unternehmen\/wp-json\/wp\/v2\/pages\/214"}],"wp:attachment":[{"href":"https:\/\/www.dehner.de\/unternehmen\/wp-json\/wp\/v2\/media?parent=598"}],"curies":[{"name":"wp","href":"https:\/\/api.w.org\/{rel}","templated":true}]}}