{"id":181,"date":"2020-12-15T15:30:43","date_gmt":"2020-12-15T14:30:43","guid":{"rendered":"https:\/\/www.dehner.de\/?page_id=181"},"modified":"2021-08-10T10:15:57","modified_gmt":"2021-08-10T08:15:57","slug":"blumenpark","status":"publish","type":"page","link":"https:\/\/www.dehner.de\/unternehmen\/unternehmen\/blumenpark\/","title":{"rendered":"Blumenpark"},"content":{"rendered":"<div id=\"page-hero\">\n    <div class=\"ce-slidercontainer hero-slider\">\n        <div class=\"slider\" id=\"slider-block_6110f8b1c923d\" data-slick='{&quot;autoplay&quot;:true,&quot;arrows&quot;:false,&quot;dots&quot;:true,&quot;slidesToShow&quot;:1,&quot;slidesToScroll&quot;:1}'>\n            <div class=\"ce-slideritem\">                            <div class=\"slide-text\">\n                                <header>\n                                    <h2>Einzigartige Parkanlage<\/h2>\n                                <\/header>\n                                <p>bei Dehner in Rain<\/p>\n                                                            <\/div>\n                        \n                                                    <picture>\n                                                                    <source media=\"(min-width:1200px)\" srcset=\"https:\/\/www.dehner.de\/unternehmen\/app\/uploads\/sites\/3\/2021\/08\/teaser-sg-flamingoanlage_1920x740.jpg 1x\">\n                                                                    <source media=\"(min-width:992px)\" srcset=\"https:\/\/www.dehner.de\/unternehmen\/app\/uploads\/sites\/3\/2021\/08\/teaser-sg-flamingoanlage_1920x740-1280x560.jpg 1x\">\n                                                                    <source media=\"(min-width:768px)\" srcset=\"https:\/\/www.dehner.de\/unternehmen\/app\/uploads\/sites\/3\/2021\/08\/teaser-sg-flamingoanlage_1920x740-992x434.jpg 1x\">\n                                                                    <source media=\"(min-width:544px)\" srcset=\"https:\/\/www.dehner.de\/unternehmen\/app\/uploads\/sites\/3\/2021\/08\/teaser-sg-flamingoanlage_1920x740-768x500.jpg 1x\">\n                                                                <img decoding=\"async\" src=\"https:\/\/www.dehner.de\/unternehmen\/app\/uploads\/sites\/3\/2021\/08\/teaser-sg-flamingoanlage_1920x740-480x400.jpg\" alt=\"\"\/>\n                            <\/picture>\n                                                <\/div>\n                    <div class=\"ce-slideritem\">                            <div class=\"slide-text\">\n                                <header>\n                                    <h2>Entdecke die unterschiedlichen Themenbereiche <\/h2>\n                                <\/header>\n                                <p>im Schaugarten in Rain am Lech<\/p>\n                                                            <\/div>\n                        \n                                                    <picture>\n                                                                    <source media=\"(min-width:1200px)\" srcset=\"https:\/\/www.dehner.de\/unternehmen\/app\/uploads\/sites\/3\/2021\/08\/teaser-sg-fruehling_1920x740.jpg 1x\">\n                                                                    <source media=\"(min-width:992px)\" srcset=\"https:\/\/www.dehner.de\/unternehmen\/app\/uploads\/sites\/3\/2021\/08\/teaser-sg-fruehling_1920x740-1280x560.jpg 1x\">\n                                                                    <source media=\"(min-width:768px)\" srcset=\"https:\/\/www.dehner.de\/unternehmen\/app\/uploads\/sites\/3\/2021\/08\/teaser-sg-fruehling_1920x740-992x434.jpg 1x\">\n                                                                    <source media=\"(min-width:544px)\" srcset=\"https:\/\/www.dehner.de\/unternehmen\/app\/uploads\/sites\/3\/2021\/08\/teaser-sg-fruehling_1920x740-768x500.jpg 1x\">\n                                                                <img decoding=\"async\" src=\"https:\/\/www.dehner.de\/unternehmen\/app\/uploads\/sites\/3\/2021\/08\/teaser-sg-fruehling_1920x740-480x400.jpg\" alt=\"\"\/>\n                            <\/picture>\n                                                <\/div>\n                            <\/div>\n    <\/div><a href=\"javascript:void(0)\" class=\"btn btn-circle scroll-down\"><svg class=\"icon svg-chevron-down-dims \" viewBox=\"0 0 16 10\" role=\"img\" aria-labelledby=\"title\"><use xlink:href=\"https:\/\/www.dehner.de\/unternehmen\/app\/themes\/dehner-unternehmen\/assets\/images\/icons\/icons-symbols.svg#chevron-down\"><\/use><\/svg><\/a>\n<\/div>\n\n\n\n<pre class=\"wp-block-verse has-text-align-center\"><\/pre>\n\n\n<div class=\"container page-content\">\n\t<div id=\"block_5fda017b48f34\" class=\"ce-teaserimgblock\">\n\t\t<div class=\"ce-video row\">\n\t\t\t<div class=\"col-lg-8\">\n\t\t\t\t<div class=\"video-wrapper\">\n\t\t\t\t\t\t\t\t\t\t\t<iframe src=\"\/\/www.youtube.com\/embed\/sn0zmCRIWxg?autohide=1&amp;controls=2&amp;rel=0&amp;enablejsapi=1&amp;showinfo=0&amp;origin=https:\/\/www.dehner.de\/unternehmen\/unternehmen\/blumenpark\/\"\n\t\t\t\t\t\t\tallowfullscreen=\"\"\n\t\t\t\t\t\t\twidth=\"854\"\n\t\t\t\t\t\t\theight=\"480\"\n\t\t\t\t\t\t\tclass=\"img-responsive-full\"\n\t\t\t\t\t\t\ttitle=\"Ein unvergesslicher Tag im Blumenpark\">\n\t\t\t\t\t\t<\/iframe>\n\t\t\t\t\t\t\t\t\t<\/div>\n\t\t\t<\/div>\n\t\t\t<div class=\"col-lg-4 video-text\">\n            \t<div class=\"video-text-wrapper\">\n                \t<header class=\"fsc\">\n\t\t\t\t\t\t\t\t\t\t\t\t\t<strong class=\"subheader\">Das gro\u00dfe Gartenparadies<\/strong>\n\t\t\t\t\t\t\t\t\t\t\t\t\t\t\t\t\t\t\t<h2>Ein unvergesslicher Tag im Blumenpark<\/h2>\n\t\t\t\t\t\t\t\t\t\t\t<\/header>\n\t\t\t\t\t<div class=\"bodytext\">\n\t\t\t\t\t\t\t\t\t\t\t\t\t<p>Lassen Sie sich von unserem Blumenpark inspirieren. Hier finden Sie viele tolle Eindr\u00fccke, die noch lange in Erinnerung bleiben!<\/p>\n\t\t\t\t\t\t\t\t\t\t\t<\/div>\n\t\t\t\t\t            \t<\/div>\n        \t<\/div>\n\t\t<\/div>\n\t<\/div>\n<\/div>\n\n\n<div class=\"container page-content dehner-paragraph \">\n\t<div class=\"ce-gridRow6040 row\">\n\t\t<div class=\"colpos-101 col-xs-12 col-md-7\">\n\t\t\t<div id=\"block_5fda05c6240a4\" class=\"ce-text\">\n\t\t\t\t<header class=\"fsc\">\n\t\t\t\t\t\t\t\t\t\t\t<strong class=\"subheader\">Die G\u00e4rten der Welt im Blumenpark erleben<\/strong>\n\t\t\t\t\t\t\t\t\t\t\t\t\t\t\t\t<h2>Das Gartenparadies in Rain am Lech<\/h2>\n\t\t\t\t\t\t\t\t\t<\/header>\n\t\t\t\t<div class=\"bodytext\">\n\t\t\t\t\t\t\t\t\t\t\t<p><strong>Das Gartenparadies in Rain am Lech<\/strong><\/p>\n<p>Am Stammsitz in Rain steht der Blumenpark, <strong>ein gro\u00dfes \u201egr\u00fcnes\u201c Einkaufs- und Erlebniszentrum, <\/strong>das Jahr f\u00fcr Jahr viele tausende Besucher*innen anzieht. Der angegliederte Schaugarten ist <strong>eine beliebte Attraktion <\/strong>und begeistert mit g\u00e4rtnerischer Exzellenz.<\/p>\n<p>Auf \u00fcber 115.000 m\u00b2 gestalten unsere Experten ein g\u00e4rtnerisches Paradies, das zu jeder Jahreszeit zum Besuchen, Entdecken und Genie\u00dfen einl\u00e4dt.<br \/>\nDank des Dehner Gartenbistros k\u00f6nnen Sie sich hier auch kulinarisch Verw\u00f6hnen lassen.<\/p>\n\t\t\t\t\t\t\t\t\t<\/div>\n\t\t\t<\/div>\n\t\t<\/div>\n\t\t\t\t\t<div class=\"colpos-102 col-xs-12 col-md-5\">\n\t\t\t\t\t\t\t\t\t\t<div id=\"block_5fda05c6240a4\" class=\"ce-ctabox\">\n\t\t\t\t\t\t\t<header class=\"fsc hyphenate\">\n\t\t\t\t\t\t\t\t\t\t\t\t\t\t\t\t\t\t\t\t\t\t\t\t\t<h2>Erlebnis Blumenpark<\/h2>\n\t\t\t\t\t\t\t\t\t\t\t\t\t\t\t<header>\n\t\t\t\t\t\t\t\t\t\t\t\t\t\t\t\t\t\t\t\t\t\t\t\t<a\n                                        href=\"https:\/\/www.dehner.de\/blumenpark\/\"\n                                        target=\"_blank\"\n                                        class=\"btn btn-primary\"\n                                    >\n                                        Jetzt entdecken                                    <\/a>\n\t\t\t\t\t\t\t\t\t\t\t\t\t\t\t\t\t\t\t\t\t<\/div>\n\t\t\t\t\t\t\t\t\t\t\t\t<\/div>\n\t\t\t<\/div>\n<\/div>\n\n\n<div class=\"container page-content\">\n\t<div id=\"block_5fda0615240a6\" class=\"ce-teaserimgblock\">\n\t\t<div class=\"ce-video row\">\n\t\t\t<div class=\"col-lg-8\">\n\t\t\t\t<div class=\"video-wrapper\">\n\t\t\t\t\t\t\t\t\t\t\t<iframe src=\"\/\/www.youtube.com\/embed\/JybrcZQw_HU?autohide=1&amp;controls=2&amp;rel=0&amp;enablejsapi=1&amp;showinfo=0&amp;origin=https:\/\/www.dehner.de\/unternehmen\/unternehmen\/blumenpark\/\"\n\t\t\t\t\t\t\tallowfullscreen=\"\"\n\t\t\t\t\t\t\twidth=\"854\"\n\t\t\t\t\t\t\theight=\"480\"\n\t\t\t\t\t\t\tclass=\"img-responsive-full\"\n\t\t\t\t\t\t\ttitle=\"Blumenpark im Sommer\">\n\t\t\t\t\t\t<\/iframe>\n\t\t\t\t\t\t\t\t\t<\/div>\n\t\t\t<\/div>\n\t\t\t<div class=\"col-lg-4 video-text\">\n            \t<div class=\"video-text-wrapper\">\n                \t<header class=\"fsc\">\n\t\t\t\t\t\t\t\t\t\t\t\t\t<strong class=\"subheader\">Das gro\u00dfe Gartenparadies<\/strong>\n\t\t\t\t\t\t\t\t\t\t\t\t\t\t\t\t\t\t\t<h2>Blumenpark im Sommer<\/h2>\n\t\t\t\t\t\t\t\t\t\t\t<\/header>\n\t\t\t\t\t<div class=\"bodytext\">\n\t\t\t\t\t\t\t\t\t\t\t\t\t<p>Um unter Palmen zu flanieren, an pl\u00e4tschernden Wasserf\u00e4llen zu entspannen, einen alpin bepflanzten H\u00fcgel zu erklimmen, exotische V\u00f6gel zu beobachten, brauchen Sie nicht weit zu reisen.<\/p>\n\t\t\t\t\t\t\t\t\t\t\t<\/div>\n\t\t\t\t\t            \t<\/div>\n        \t<\/div>\n\t\t<\/div>\n\t<\/div>\n<\/div>\n\n\n<div class=\"container page-content\">\n\t<div id=\"block_5fd9ff57d3f44\" class=\"ce-teaserimgblock\">\n\t\t<div class=\"row\">\n\t\t\t<div class=\"col-sm-3\">\n\t\t\t\t<picture><img decoding=\"async\" class=\"img-responsive-full\" src=\"https:\/\/www.dehner.de\/unternehmen\/app\/uploads\/sites\/3\/2020\/12\/csm_Blumenpark-Flamingo.jpg\" srcset=\"\" sizes=\"(max-width: ) 100vw, \"\/><\/picture>\t\t\t<\/div>\n\t\t\t<div class=\"col-sm-6\">\n\t\t\t\t<picture><img decoding=\"async\" class=\"img-responsive-full\" src=\"https:\/\/www.dehner.de\/unternehmen\/app\/uploads\/sites\/3\/2020\/12\/csm_Blumenpark-Sommer.jpg\" srcset=\"\" sizes=\"(max-width: ) 100vw, \"\/><\/picture>\t\t\t<\/div>\n\t\t\t<div class=\"col-sm-3\">\n\t\t\t\t<picture><img decoding=\"async\" class=\"img-responsive-full\" src=\"https:\/\/www.dehner.de\/unternehmen\/app\/uploads\/sites\/3\/2020\/12\/csm_Blumenpark-Fruehjahr.jpg\" srcset=\"\" sizes=\"(max-width: ) 100vw, \"\/><\/picture>\t\t\t<\/div>\n\t\t<\/div>\n\t<\/div>\n<\/div>\n\n\n<div class=\"container page-content\">\n\t<div id=\"block_611222cdcff5b\" class=\"ce-teaserimgblock\">\n\t\t<div class=\"row\">\n\t\t\t<div class=\"col-sm-3\">\n\t\t\t\t<picture><img decoding=\"async\" class=\"img-responsive-full\" src=\"https:\/\/www.dehner.de\/unternehmen\/app\/uploads\/sites\/3\/2021\/08\/blumenpark-illuminiert-baum_220x250.jpg\" srcset=\"\" sizes=\"(max-width: ) 100vw, \"\/><\/picture>\t\t\t<\/div>\n\t\t\t<div class=\"col-sm-6\">\n\t\t\t\t<picture><img decoding=\"async\" class=\"img-responsive-full\" src=\"https:\/\/www.dehner.de\/unternehmen\/app\/uploads\/sites\/3\/2021\/08\/blumenpark-illuminiert_450x250.jpg\" srcset=\"\" sizes=\"(max-width: ) 100vw, \"\/><\/picture>\t\t\t<\/div>\n\t\t\t<div class=\"col-sm-3\">\n\t\t\t\t<picture><img decoding=\"async\" class=\"img-responsive-full\" src=\"https:\/\/www.dehner.de\/unternehmen\/app\/uploads\/sites\/3\/2021\/08\/blumenpark-illuminiert-teich_220x250.jpg\" srcset=\"\" sizes=\"(max-width: ) 100vw, \"\/><\/picture>\t\t\t<\/div>\n\t\t<\/div>\n\t<\/div>\n<\/div>\n","protected":false},"excerpt":{"rendered":"","protected":false},"author":1,"featured_media":0,"parent":6,"menu_order":0,"comment_status":"closed","ping_status":"closed","template":"","meta":{"_acf_changed":false,"footnotes":""},"class_list":["post-181","page","type-page","status-publish","hentry"],"acf":[],"yoast_head":"<!-- This site is optimized with the Yoast SEO plugin v24.5 - https:\/\/yoast.com\/wordpress\/plugins\/seo\/ -->\n<title>Blumenpark - Dehner Unternehmen<\/title>\n<meta name=\"robots\" content=\"index, follow, max-snippet:-1, max-image-preview:large, max-video-preview:-1\" \/>\n<link rel=\"canonical\" href=\"https:\/\/www.dehner.de\/unternehmen\/unternehmen\/blumenpark\/\" \/>\n<meta property=\"og:locale\" content=\"de_DE\" \/>\n<meta property=\"og:type\" content=\"article\" \/>\n<meta property=\"og:title\" content=\"Blumenpark - Dehner Unternehmen\" \/>\n<meta property=\"og:url\" content=\"https:\/\/www.dehner.de\/unternehmen\/unternehmen\/blumenpark\/\" \/>\n<meta property=\"og:site_name\" content=\"Dehner Unternehmen\" \/>\n<meta property=\"article:modified_time\" content=\"2021-08-10T08:15:57+00:00\" \/>\n<meta name=\"twitter:card\" content=\"summary_large_image\" \/>\n<script type=\"application\/ld+json\" class=\"yoast-schema-graph\">{\"@context\":\"https:\/\/schema.org\",\"@graph\":[{\"@type\":\"WebPage\",\"@id\":\"https:\/\/www.dehner.de\/unternehmen\/unternehmen\/blumenpark\/\",\"url\":\"https:\/\/www.dehner.de\/unternehmen\/unternehmen\/blumenpark\/\",\"name\":\"Blumenpark - Dehner Unternehmen\",\"isPartOf\":{\"@id\":\"https:\/\/www.dehner.de\/unternehmen\/#website\"},\"datePublished\":\"2020-12-15T14:30:43+00:00\",\"dateModified\":\"2021-08-10T08:15:57+00:00\",\"breadcrumb\":{\"@id\":\"https:\/\/www.dehner.de\/unternehmen\/unternehmen\/blumenpark\/#breadcrumb\"},\"inLanguage\":\"de-DE\",\"potentialAction\":[{\"@type\":\"ReadAction\",\"target\":[\"https:\/\/www.dehner.de\/unternehmen\/unternehmen\/blumenpark\/\"]}]},{\"@type\":\"BreadcrumbList\",\"@id\":\"https:\/\/www.dehner.de\/unternehmen\/unternehmen\/blumenpark\/#breadcrumb\",\"itemListElement\":[{\"@type\":\"ListItem\",\"position\":1,\"name\":\"Home\",\"item\":\"https:\/\/www.dehner.de\/unternehmen\/\"},{\"@type\":\"ListItem\",\"position\":2,\"name\":\"\u00dcber uns\",\"item\":\"https:\/\/www.dehner.at\/unternehmen\/unternehmen\/\"},{\"@type\":\"ListItem\",\"position\":3,\"name\":\"Blumenpark\"}]},{\"@type\":\"WebSite\",\"@id\":\"https:\/\/www.dehner.de\/unternehmen\/#website\",\"url\":\"https:\/\/www.dehner.de\/unternehmen\/\",\"name\":\"Dehner Unternehmen\",\"description\":\"Eine weitere Dehner Websites Website\",\"potentialAction\":[{\"@type\":\"SearchAction\",\"target\":{\"@type\":\"EntryPoint\",\"urlTemplate\":\"https:\/\/www.dehner.de\/unternehmen\/?s={search_term_string}\"},\"query-input\":{\"@type\":\"PropertyValueSpecification\",\"valueRequired\":true,\"valueName\":\"search_term_string\"}}],\"inLanguage\":\"de-DE\"}]}<\/script>\n<!-- \/ Yoast SEO plugin. -->","yoast_head_json":{"title":"Blumenpark - Dehner Unternehmen","robots":{"index":"index","follow":"follow","max-snippet":"max-snippet:-1","max-image-preview":"max-image-preview:large","max-video-preview":"max-video-preview:-1"},"canonical":"https:\/\/www.dehner.de\/unternehmen\/unternehmen\/blumenpark\/","og_locale":"de_DE","og_type":"article","og_title":"Blumenpark - Dehner Unternehmen","og_url":"https:\/\/www.dehner.de\/unternehmen\/unternehmen\/blumenpark\/","og_site_name":"Dehner Unternehmen","article_modified_time":"2021-08-10T08:15:57+00:00","twitter_card":"summary_large_image","schema":{"@context":"https:\/\/schema.org","@graph":[{"@type":"WebPage","@id":"https:\/\/www.dehner.de\/unternehmen\/unternehmen\/blumenpark\/","url":"https:\/\/www.dehner.de\/unternehmen\/unternehmen\/blumenpark\/","name":"Blumenpark - Dehner Unternehmen","isPartOf":{"@id":"https:\/\/www.dehner.de\/unternehmen\/#website"},"datePublished":"2020-12-15T14:30:43+00:00","dateModified":"2021-08-10T08:15:57+00:00","breadcrumb":{"@id":"https:\/\/www.dehner.de\/unternehmen\/unternehmen\/blumenpark\/#breadcrumb"},"inLanguage":"de-DE","potentialAction":[{"@type":"ReadAction","target":["https:\/\/www.dehner.de\/unternehmen\/unternehmen\/blumenpark\/"]}]},{"@type":"BreadcrumbList","@id":"https:\/\/www.dehner.de\/unternehmen\/unternehmen\/blumenpark\/#breadcrumb","itemListElement":[{"@type":"ListItem","position":1,"name":"Home","item":"https:\/\/www.dehner.de\/unternehmen\/"},{"@type":"ListItem","position":2,"name":"\u00dcber uns","item":"https:\/\/www.dehner.at\/unternehmen\/unternehmen\/"},{"@type":"ListItem","position":3,"name":"Blumenpark"}]},{"@type":"WebSite","@id":"https:\/\/www.dehner.de\/unternehmen\/#website","url":"https:\/\/www.dehner.de\/unternehmen\/","name":"Dehner Unternehmen","description":"Eine weitere Dehner Websites Website","potentialAction":[{"@type":"SearchAction","target":{"@type":"EntryPoint","urlTemplate":"https:\/\/www.dehner.de\/unternehmen\/?s={search_term_string}"},"query-input":{"@type":"PropertyValueSpecification","valueRequired":true,"valueName":"search_term_string"}}],"inLanguage":"de-DE"}]}},"_links":{"self":[{"href":"https:\/\/www.dehner.de\/unternehmen\/wp-json\/wp\/v2\/pages\/181","targetHints":{"allow":["GET"]}}],"collection":[{"href":"https:\/\/www.dehner.de\/unternehmen\/wp-json\/wp\/v2\/pages"}],"about":[{"href":"https:\/\/www.dehner.de\/unternehmen\/wp-json\/wp\/v2\/types\/page"}],"author":[{"embeddable":true,"href":"https:\/\/www.dehner.de\/unternehmen\/wp-json\/wp\/v2\/users\/1"}],"replies":[{"embeddable":true,"href":"https:\/\/www.dehner.de\/unternehmen\/wp-json\/wp\/v2\/comments?post=181"}],"version-history":[{"count":24,"href":"https:\/\/www.dehner.de\/unternehmen\/wp-json\/wp\/v2\/pages\/181\/revisions"}],"predecessor-version":[{"id":2219,"href":"https:\/\/www.dehner.de\/unternehmen\/wp-json\/wp\/v2\/pages\/181\/revisions\/2219"}],"up":[{"embeddable":true,"href":"https:\/\/www.dehner.de\/unternehmen\/wp-json\/wp\/v2\/pages\/6"}],"wp:attachment":[{"href":"https:\/\/www.dehner.de\/unternehmen\/wp-json\/wp\/v2\/media?parent=181"}],"curies":[{"name":"wp","href":"https:\/\/api.w.org\/{rel}","templated":true}]}}