{"id":2607,"date":"2020-06-17T13:00:25","date_gmt":"2020-06-17T11:00:25","guid":{"rendered":"https:\/\/www.dehner.de\/?page_id=2607"},"modified":"2021-05-06T08:22:38","modified_gmt":"2021-05-06T06:22:38","slug":"hotelfachmann-2","status":"publish","type":"page","link":"https:\/\/www.dehner.de\/jobs\/ausbildung-und-duales-studium\/ausbildung\/hotelfachmann-2\/","title":{"rendered":"Deine Ausbildung zum Hotelfachmann (m\/w\/d)"},"content":{"rendered":"    <section class=\"block-headline-text container standard pb-5\">\n        <div class=\"row\">\n            <h1 class=\"col-12 title\">Deine Ausbildung zum Hotelfachmann (m\/w\/d)<\/h1>            <div class=\"col-12 text\"><h2>Ausbildungsstart: 1. September<\/h2>\n<p><strong>Deine Ausbildung dauert in der Regel 3 Jahre und findet im Dehner Blumen Hotel in Rain am Lech statt. <\/strong><strong>Nach Deiner erfolgreich bestandenen schriftlichen und m\u00fcndlichen Abschlusspr\u00fcfung bist Du IHK gepr\u00fcfter Hotelfachmann (m\/w\/d).\u00a0 Du hast die Schule mit einem guten Hauptschulabschluss oder der Mittleren Reife abgeschlossen \u2013 das passt perfekt.\u00a0 <\/strong><\/p>\n<\/div>        <\/div>\n    <\/section>\n\n\n<section class=\"block-img-txt img-70-text-30 pb-4\">\n    <div class=\"container\">\n        <div class=\"row\">\n                            <div class=\"col-lg-8 pb-4 d-none d-md-block image\">\n                    <img loading=\"lazy\" decoding=\"async\" width=\"1024\" height=\"576\" src=\"https:\/\/www.dehner.de\/jobs\/app\/uploads\/sites\/7\/2020\/12\/Arbeitsweltmotive_1920x1080px_Azubis_Hotel-1-1024x576.png\" class=\"img-cover\" alt=\"Ausbildung zum Hotelfachmann Dehner\" srcset=\"https:\/\/www.dehner.de\/jobs\/app\/uploads\/sites\/7\/2020\/12\/Arbeitsweltmotive_1920x1080px_Azubis_Hotel-1-1024x576.png 1024w, https:\/\/www.dehner.de\/jobs\/app\/uploads\/sites\/7\/2020\/12\/Arbeitsweltmotive_1920x1080px_Azubis_Hotel-1-300x169.png 300w, https:\/\/www.dehner.de\/jobs\/app\/uploads\/sites\/7\/2020\/12\/Arbeitsweltmotive_1920x1080px_Azubis_Hotel-1-150x84.png 150w, https:\/\/www.dehner.de\/jobs\/app\/uploads\/sites\/7\/2020\/12\/Arbeitsweltmotive_1920x1080px_Azubis_Hotel-1-768x432.png 768w, https:\/\/www.dehner.de\/jobs\/app\/uploads\/sites\/7\/2020\/12\/Arbeitsweltmotive_1920x1080px_Azubis_Hotel-1-1536x864.png 1536w, https:\/\/www.dehner.de\/jobs\/app\/uploads\/sites\/7\/2020\/12\/Arbeitsweltmotive_1920x1080px_Azubis_Hotel-1-1000x563.png 1000w, https:\/\/www.dehner.de\/jobs\/app\/uploads\/sites\/7\/2020\/12\/Arbeitsweltmotive_1920x1080px_Azubis_Hotel-1.png 1920w\" sizes=\"auto, (max-width: 1024px) 100vw, 1024px\" \/>                <\/div>\n                <div class=\"col-lg-4 df fc jcc body\">\n                            <a href=\"#\" class=\"toggler toggler-down-md toggler-hide\" data-toggle=\"collapse\" data-target=\"#block_5ee39f6323106\" aria-expanded=\"true\" aria-controls=\"block_5ee39f6323106\">\n                            <img loading=\"lazy\" decoding=\"async\" width=\"1024\" height=\"576\" src=\"https:\/\/www.dehner.de\/jobs\/app\/uploads\/sites\/7\/2020\/12\/Arbeitsweltmotive_1920x1080px_Azubis_Hotel-1-1024x576.png\" class=\"mobile-image img-fluid mb-3 d-md-none\" alt=\"Ausbildung zum Hotelfachmann Dehner\" srcset=\"https:\/\/www.dehner.de\/jobs\/app\/uploads\/sites\/7\/2020\/12\/Arbeitsweltmotive_1920x1080px_Azubis_Hotel-1-1024x576.png 1024w, https:\/\/www.dehner.de\/jobs\/app\/uploads\/sites\/7\/2020\/12\/Arbeitsweltmotive_1920x1080px_Azubis_Hotel-1-300x169.png 300w, https:\/\/www.dehner.de\/jobs\/app\/uploads\/sites\/7\/2020\/12\/Arbeitsweltmotive_1920x1080px_Azubis_Hotel-1-150x84.png 150w, https:\/\/www.dehner.de\/jobs\/app\/uploads\/sites\/7\/2020\/12\/Arbeitsweltmotive_1920x1080px_Azubis_Hotel-1-768x432.png 768w, https:\/\/www.dehner.de\/jobs\/app\/uploads\/sites\/7\/2020\/12\/Arbeitsweltmotive_1920x1080px_Azubis_Hotel-1-1536x864.png 1536w, https:\/\/www.dehner.de\/jobs\/app\/uploads\/sites\/7\/2020\/12\/Arbeitsweltmotive_1920x1080px_Azubis_Hotel-1-1000x563.png 1000w, https:\/\/www.dehner.de\/jobs\/app\/uploads\/sites\/7\/2020\/12\/Arbeitsweltmotive_1920x1080px_Azubis_Hotel-1.png 1920w\" sizes=\"auto, (max-width: 1024px) 100vw, 1024px\" \/>                        <h3 class=\"font-h4 toggler toggler-down-md\">Tolles Team und starker Ausbilder all-inclusive<\/h3>        <\/a>\n        <div class=\"collapse text show\" id=\"block_5ee39f6323106\" data-parent=\"main\">\n            <p>Im Dehner Blumen Hotel erwartet Dich eine unserem Erlebnishotel entsprechend hochwertige Ausbildung, w\u00e4hrend der Du Dich in jeder Phase auf die tatkr\u00e4ftige Unterst\u00fctzung unseres eingespielten Teams verlassen kannst. Die vielen sehr guten Bewertungen unserer G\u00e4ste spiegeln sich in unserer Leidenschaft f\u00fcr die Branche und der von uns t\u00e4glich gelebten Gastlichkeit wider, zu der Du mit Deinem Engagement einen wesentlichen Beitrag leistest.<\/p>\n                    <\/div>                <\/div>\n            \n        <\/div>\n    <\/div>\n<\/section>\n\n\n<section class=\"block-img-txt text-50-img-50 pb-4\">\n    <div class=\"container\">\n        <div class=\"row\">\n                            <div class=\"col-md-6 pb-4 d-none d-md-block image\">\n                    <img loading=\"lazy\" decoding=\"async\" width=\"1024\" height=\"576\" src=\"https:\/\/www.dehner.de\/jobs\/app\/uploads\/sites\/7\/2020\/12\/Arbeitsweltmotive_1920x1080px_Azubis_Hotel-2-1024x576.png\" class=\"img-cover\" alt=\"Ausbildung zum Hotelfachmann Dehner\" srcset=\"https:\/\/www.dehner.de\/jobs\/app\/uploads\/sites\/7\/2020\/12\/Arbeitsweltmotive_1920x1080px_Azubis_Hotel-2-1024x576.png 1024w, https:\/\/www.dehner.de\/jobs\/app\/uploads\/sites\/7\/2020\/12\/Arbeitsweltmotive_1920x1080px_Azubis_Hotel-2-300x169.png 300w, https:\/\/www.dehner.de\/jobs\/app\/uploads\/sites\/7\/2020\/12\/Arbeitsweltmotive_1920x1080px_Azubis_Hotel-2-150x84.png 150w, https:\/\/www.dehner.de\/jobs\/app\/uploads\/sites\/7\/2020\/12\/Arbeitsweltmotive_1920x1080px_Azubis_Hotel-2-768x432.png 768w, https:\/\/www.dehner.de\/jobs\/app\/uploads\/sites\/7\/2020\/12\/Arbeitsweltmotive_1920x1080px_Azubis_Hotel-2-1536x864.png 1536w, https:\/\/www.dehner.de\/jobs\/app\/uploads\/sites\/7\/2020\/12\/Arbeitsweltmotive_1920x1080px_Azubis_Hotel-2-1000x563.png 1000w, https:\/\/www.dehner.de\/jobs\/app\/uploads\/sites\/7\/2020\/12\/Arbeitsweltmotive_1920x1080px_Azubis_Hotel-2.png 1920w\" sizes=\"auto, (max-width: 1024px) 100vw, 1024px\" \/>                <\/div>\n                <div class=\"col-md-6 df fc jcc body\">\n                            <a href=\"#\" class=\"toggler toggler-down-md toggler-hide\" data-toggle=\"collapse\" data-target=\"#block_5ee39fcb23107\" aria-expanded=\"true\" aria-controls=\"block_5ee39fcb23107\">\n                            <img loading=\"lazy\" decoding=\"async\" width=\"1024\" height=\"576\" src=\"https:\/\/www.dehner.de\/jobs\/app\/uploads\/sites\/7\/2020\/12\/Arbeitsweltmotive_1920x1080px_Azubis_Hotel-2-1024x576.png\" class=\"mobile-image img-fluid mb-3 d-md-none\" alt=\"Ausbildung zum Hotelfachmann Dehner\" srcset=\"https:\/\/www.dehner.de\/jobs\/app\/uploads\/sites\/7\/2020\/12\/Arbeitsweltmotive_1920x1080px_Azubis_Hotel-2-1024x576.png 1024w, https:\/\/www.dehner.de\/jobs\/app\/uploads\/sites\/7\/2020\/12\/Arbeitsweltmotive_1920x1080px_Azubis_Hotel-2-300x169.png 300w, https:\/\/www.dehner.de\/jobs\/app\/uploads\/sites\/7\/2020\/12\/Arbeitsweltmotive_1920x1080px_Azubis_Hotel-2-150x84.png 150w, https:\/\/www.dehner.de\/jobs\/app\/uploads\/sites\/7\/2020\/12\/Arbeitsweltmotive_1920x1080px_Azubis_Hotel-2-768x432.png 768w, https:\/\/www.dehner.de\/jobs\/app\/uploads\/sites\/7\/2020\/12\/Arbeitsweltmotive_1920x1080px_Azubis_Hotel-2-1536x864.png 1536w, https:\/\/www.dehner.de\/jobs\/app\/uploads\/sites\/7\/2020\/12\/Arbeitsweltmotive_1920x1080px_Azubis_Hotel-2-1000x563.png 1000w, https:\/\/www.dehner.de\/jobs\/app\/uploads\/sites\/7\/2020\/12\/Arbeitsweltmotive_1920x1080px_Azubis_Hotel-2.png 1920w\" sizes=\"auto, (max-width: 1024px) 100vw, 1024px\" \/>                        <h3 class=\"font-h4 toggler toggler-down-md\">Deine Ausbildung zum Hotelfachmann (m\/w\/d) bei Dehner<\/h3>        <\/a>\n        <div class=\"collapse text show\" id=\"block_5ee39fcb23107\" data-parent=\"main\">\n            <p>Zu Deinen vielseitigen Aufgaben w\u00e4hrend der Ausbildung geh\u00f6ren unter anderem das Empfangen und Betreuen unserer G\u00e4ste, das Servieren von Speisen und Getr\u00e4nken sowie die Planung und Durchf\u00fchrung von Events, die im Blumen Hotel stattfinden. Nach Deinem Abschluss stehen Dir beste Karriere- und Weiterbildungschancen offen.<\/p>\n                    <\/div>                <\/div>\n            \n        <\/div>\n    <\/div>\n<\/section>\n\n\n<div class=\"container py-4 mb-5\">\n    <a class=\"btn btn-red btn-jobs btn-xs-full\" href=\"https:\/\/www.dehner.de\/jobs\/jobmarkt\/?tax=239\">\n        Zu den Ausbildungsstellen    <\/a>\n<\/div>\n\n","protected":false},"excerpt":{"rendered":"","protected":false},"author":1,"featured_media":8875,"parent":1133,"menu_order":10,"comment_status":"closed","ping_status":"closed","template":"","meta":{"_acf_changed":false,"footnotes":""},"class_list":["post-2607","page","type-page","status-publish","has-post-thumbnail","hentry"],"acf":[],"yoast_head":"<!-- This site is optimized with the Yoast SEO plugin v24.5 - https:\/\/yoast.com\/wordpress\/plugins\/seo\/ -->\n<title>Ausbildung bei Dehner | Hotelfachmann (m\/w\/d) | Dehner Jobs<\/title>\n<meta name=\"description\" content=\"Deine Ausbildung zum Hotelfachmann (m\/w\/d) bei Dehner: \u2713Details zum Beruf \u2713Aufgaben &amp; Anforderungen \u2713Einblicke in die Ausbildung \u25ba Jetzt informieren &amp; bewerben!\" \/>\n<meta name=\"robots\" content=\"index, follow, max-snippet:-1, max-image-preview:large, max-video-preview:-1\" \/>\n<link rel=\"canonical\" href=\"https:\/\/www.dehner.de\/jobs\/ausbildung-und-duales-studium\/ausbildung\/hotelfachmann-2\/\" \/>\n<meta property=\"og:locale\" content=\"de_DE\" \/>\n<meta property=\"og:type\" content=\"article\" \/>\n<meta property=\"og:title\" content=\"Ausbildung bei Dehner | Hotelfachmann (m\/w\/d) | Dehner Jobs\" \/>\n<meta property=\"og:description\" content=\"Deine Ausbildung zum Hotelfachmann (m\/w\/d) bei Dehner: \u2713Details zum Beruf \u2713Aufgaben &amp; Anforderungen \u2713Einblicke in die Ausbildung \u25ba Jetzt informieren &amp; bewerben!\" \/>\n<meta property=\"og:url\" content=\"https:\/\/www.dehner.de\/jobs\/ausbildung-und-duales-studium\/ausbildung\/hotelfachmann-2\/\" \/>\n<meta property=\"og:site_name\" content=\"Karriere bei Dehner\" \/>\n<meta property=\"article:modified_time\" content=\"2021-05-06T06:22:38+00:00\" \/>\n<meta property=\"og:image\" content=\"https:\/\/www.dehner.at\/jobs\/app\/uploads\/sites\/7\/2021\/01\/Headermotive_1400x400px_ausbildung_optimiert_im-buero.jpg\" \/>\n\t<meta property=\"og:image:width\" content=\"1440\" \/>\n\t<meta property=\"og:image:height\" content=\"400\" \/>\n\t<meta property=\"og:image:type\" content=\"image\/jpeg\" \/>\n<meta name=\"twitter:card\" content=\"summary_large_image\" \/>\n<script type=\"application\/ld+json\" class=\"yoast-schema-graph\">{\"@context\":\"https:\/\/schema.org\",\"@graph\":[{\"@type\":\"WebPage\",\"@id\":\"https:\/\/www.dehner.at\/jobs\/ausbildung-und-duales-studium\/ausbildung\/hotelfachmann-2\/\",\"url\":\"https:\/\/www.dehner.at\/jobs\/ausbildung-und-duales-studium\/ausbildung\/hotelfachmann-2\/\",\"name\":\"Ausbildung bei Dehner | Hotelfachmann (m\/w\/d) | Dehner Jobs\",\"isPartOf\":{\"@id\":\"https:\/\/www.dehner.de\/jobs\/#website\"},\"primaryImageOfPage\":{\"@id\":\"https:\/\/www.dehner.at\/jobs\/ausbildung-und-duales-studium\/ausbildung\/hotelfachmann-2\/#primaryimage\"},\"image\":{\"@id\":\"https:\/\/www.dehner.at\/jobs\/ausbildung-und-duales-studium\/ausbildung\/hotelfachmann-2\/#primaryimage\"},\"thumbnailUrl\":\"https:\/\/www.dehner.de\/jobs\/app\/uploads\/sites\/7\/2021\/01\/Headermotive_1400x400px_ausbildung_optimiert_im-buero.jpg\",\"datePublished\":\"2020-06-17T11:00:25+00:00\",\"dateModified\":\"2021-05-06T06:22:38+00:00\",\"description\":\"Deine Ausbildung zum Hotelfachmann (m\/w\/d) bei Dehner: \u2713Details zum Beruf \u2713Aufgaben & Anforderungen \u2713Einblicke in die Ausbildung \u25ba Jetzt informieren & bewerben!\",\"breadcrumb\":{\"@id\":\"https:\/\/www.dehner.at\/jobs\/ausbildung-und-duales-studium\/ausbildung\/hotelfachmann-2\/#breadcrumb\"},\"inLanguage\":\"de-DE\",\"potentialAction\":[{\"@type\":\"ReadAction\",\"target\":[\"https:\/\/www.dehner.at\/jobs\/ausbildung-und-duales-studium\/ausbildung\/hotelfachmann-2\/\"]}]},{\"@type\":\"ImageObject\",\"inLanguage\":\"de-DE\",\"@id\":\"https:\/\/www.dehner.at\/jobs\/ausbildung-und-duales-studium\/ausbildung\/hotelfachmann-2\/#primaryimage\",\"url\":\"https:\/\/www.dehner.de\/jobs\/app\/uploads\/sites\/7\/2021\/01\/Headermotive_1400x400px_ausbildung_optimiert_im-buero.jpg\",\"contentUrl\":\"https:\/\/www.dehner.de\/jobs\/app\/uploads\/sites\/7\/2021\/01\/Headermotive_1400x400px_ausbildung_optimiert_im-buero.jpg\",\"width\":1440,\"height\":400,\"caption\":\"Ausbildung Kauffrau f\u00fcr B\u00fcromanagement Kaufmann im E-Commerce Fachinformatiker Dehner\"},{\"@type\":\"BreadcrumbList\",\"@id\":\"https:\/\/www.dehner.at\/jobs\/ausbildung-und-duales-studium\/ausbildung\/hotelfachmann-2\/#breadcrumb\",\"itemListElement\":[{\"@type\":\"ListItem\",\"position\":1,\"name\":\"Home\",\"item\":\"https:\/\/www.dehner.de\/jobs\/\"},{\"@type\":\"ListItem\",\"position\":2,\"name\":\"Ausbildung und Studium\",\"item\":\"https:\/\/www.dehner.de\/jobs\/ausbildung-und-duales-studium\/\"},{\"@type\":\"ListItem\",\"position\":3,\"name\":\"Ausbildung\",\"item\":\"https:\/\/www.dehner.de\/jobs\/ausbildung-und-duales-studium\/ausbildung\/\"},{\"@type\":\"ListItem\",\"position\":4,\"name\":\"Deine Ausbildung zum Hotelfachmann (m\/w\/d)\"}]},{\"@type\":\"WebSite\",\"@id\":\"https:\/\/www.dehner.de\/jobs\/#website\",\"url\":\"https:\/\/www.dehner.de\/jobs\/\",\"name\":\"Karriere bei Dehner\",\"description\":\"Die Storys unserer Personalbotschafter\",\"publisher\":{\"@id\":\"https:\/\/www.dehner.de\/jobs\/#organization\"},\"potentialAction\":[{\"@type\":\"SearchAction\",\"target\":{\"@type\":\"EntryPoint\",\"urlTemplate\":\"https:\/\/www.dehner.de\/jobs\/?s={search_term_string}\"},\"query-input\":{\"@type\":\"PropertyValueSpecification\",\"valueRequired\":true,\"valueName\":\"search_term_string\"}}],\"inLanguage\":\"de-DE\"},{\"@type\":\"Organization\",\"@id\":\"https:\/\/www.dehner.de\/jobs\/#organization\",\"name\":\"Karriere bei Dehner\",\"url\":\"https:\/\/www.dehner.de\/jobs\/\",\"logo\":{\"@type\":\"ImageObject\",\"inLanguage\":\"de-DE\",\"@id\":\"https:\/\/www.dehner.de\/jobs\/#\/schema\/logo\/image\/\",\"url\":\"https:\/\/www.dehner.de\/jobs\/app\/uploads\/sites\/7\/2025\/12\/dehner-garten-center-koenigsbrunn-revitalisierung-neubau-umbau.png\",\"contentUrl\":\"https:\/\/www.dehner.de\/jobs\/app\/uploads\/sites\/7\/2025\/12\/dehner-garten-center-koenigsbrunn-revitalisierung-neubau-umbau.png\",\"width\":800,\"height\":1315,\"caption\":\"Karriere bei Dehner\"},\"image\":{\"@id\":\"https:\/\/www.dehner.de\/jobs\/#\/schema\/logo\/image\/\"}}]}<\/script>\n<!-- \/ Yoast SEO plugin. -->","yoast_head_json":{"title":"Ausbildung bei Dehner | Hotelfachmann (m\/w\/d) | Dehner Jobs","description":"Deine Ausbildung zum Hotelfachmann (m\/w\/d) bei Dehner: \u2713Details zum Beruf \u2713Aufgaben & Anforderungen \u2713Einblicke in die Ausbildung \u25ba Jetzt informieren & bewerben!","robots":{"index":"index","follow":"follow","max-snippet":"max-snippet:-1","max-image-preview":"max-image-preview:large","max-video-preview":"max-video-preview:-1"},"canonical":"https:\/\/www.dehner.de\/jobs\/ausbildung-und-duales-studium\/ausbildung\/hotelfachmann-2\/","og_locale":"de_DE","og_type":"article","og_title":"Ausbildung bei Dehner | Hotelfachmann (m\/w\/d) | Dehner Jobs","og_description":"Deine Ausbildung zum Hotelfachmann (m\/w\/d) bei Dehner: \u2713Details zum Beruf \u2713Aufgaben & Anforderungen \u2713Einblicke in die Ausbildung \u25ba Jetzt informieren & bewerben!","og_url":"https:\/\/www.dehner.de\/jobs\/ausbildung-und-duales-studium\/ausbildung\/hotelfachmann-2\/","og_site_name":"Karriere bei Dehner","article_modified_time":"2021-05-06T06:22:38+00:00","og_image":[{"width":1440,"height":400,"url":"https:\/\/www.dehner.at\/jobs\/app\/uploads\/sites\/7\/2021\/01\/Headermotive_1400x400px_ausbildung_optimiert_im-buero.jpg","type":"image\/jpeg"}],"twitter_card":"summary_large_image","schema":{"@context":"https:\/\/schema.org","@graph":[{"@type":"WebPage","@id":"https:\/\/www.dehner.at\/jobs\/ausbildung-und-duales-studium\/ausbildung\/hotelfachmann-2\/","url":"https:\/\/www.dehner.at\/jobs\/ausbildung-und-duales-studium\/ausbildung\/hotelfachmann-2\/","name":"Ausbildung bei Dehner | Hotelfachmann (m\/w\/d) | Dehner Jobs","isPartOf":{"@id":"https:\/\/www.dehner.de\/jobs\/#website"},"primaryImageOfPage":{"@id":"https:\/\/www.dehner.at\/jobs\/ausbildung-und-duales-studium\/ausbildung\/hotelfachmann-2\/#primaryimage"},"image":{"@id":"https:\/\/www.dehner.at\/jobs\/ausbildung-und-duales-studium\/ausbildung\/hotelfachmann-2\/#primaryimage"},"thumbnailUrl":"https:\/\/www.dehner.de\/jobs\/app\/uploads\/sites\/7\/2021\/01\/Headermotive_1400x400px_ausbildung_optimiert_im-buero.jpg","datePublished":"2020-06-17T11:00:25+00:00","dateModified":"2021-05-06T06:22:38+00:00","description":"Deine Ausbildung zum Hotelfachmann (m\/w\/d) bei Dehner: \u2713Details zum Beruf \u2713Aufgaben & Anforderungen \u2713Einblicke in die Ausbildung \u25ba Jetzt informieren & bewerben!","breadcrumb":{"@id":"https:\/\/www.dehner.at\/jobs\/ausbildung-und-duales-studium\/ausbildung\/hotelfachmann-2\/#breadcrumb"},"inLanguage":"de-DE","potentialAction":[{"@type":"ReadAction","target":["https:\/\/www.dehner.at\/jobs\/ausbildung-und-duales-studium\/ausbildung\/hotelfachmann-2\/"]}]},{"@type":"ImageObject","inLanguage":"de-DE","@id":"https:\/\/www.dehner.at\/jobs\/ausbildung-und-duales-studium\/ausbildung\/hotelfachmann-2\/#primaryimage","url":"https:\/\/www.dehner.de\/jobs\/app\/uploads\/sites\/7\/2021\/01\/Headermotive_1400x400px_ausbildung_optimiert_im-buero.jpg","contentUrl":"https:\/\/www.dehner.de\/jobs\/app\/uploads\/sites\/7\/2021\/01\/Headermotive_1400x400px_ausbildung_optimiert_im-buero.jpg","width":1440,"height":400,"caption":"Ausbildung Kauffrau f\u00fcr B\u00fcromanagement Kaufmann im E-Commerce Fachinformatiker Dehner"},{"@type":"BreadcrumbList","@id":"https:\/\/www.dehner.at\/jobs\/ausbildung-und-duales-studium\/ausbildung\/hotelfachmann-2\/#breadcrumb","itemListElement":[{"@type":"ListItem","position":1,"name":"Home","item":"https:\/\/www.dehner.de\/jobs\/"},{"@type":"ListItem","position":2,"name":"Ausbildung und Studium","item":"https:\/\/www.dehner.de\/jobs\/ausbildung-und-duales-studium\/"},{"@type":"ListItem","position":3,"name":"Ausbildung","item":"https:\/\/www.dehner.de\/jobs\/ausbildung-und-duales-studium\/ausbildung\/"},{"@type":"ListItem","position":4,"name":"Deine Ausbildung zum Hotelfachmann (m\/w\/d)"}]},{"@type":"WebSite","@id":"https:\/\/www.dehner.de\/jobs\/#website","url":"https:\/\/www.dehner.de\/jobs\/","name":"Karriere bei Dehner","description":"Die Storys unserer Personalbotschafter","publisher":{"@id":"https:\/\/www.dehner.de\/jobs\/#organization"},"potentialAction":[{"@type":"SearchAction","target":{"@type":"EntryPoint","urlTemplate":"https:\/\/www.dehner.de\/jobs\/?s={search_term_string}"},"query-input":{"@type":"PropertyValueSpecification","valueRequired":true,"valueName":"search_term_string"}}],"inLanguage":"de-DE"},{"@type":"Organization","@id":"https:\/\/www.dehner.de\/jobs\/#organization","name":"Karriere bei Dehner","url":"https:\/\/www.dehner.de\/jobs\/","logo":{"@type":"ImageObject","inLanguage":"de-DE","@id":"https:\/\/www.dehner.de\/jobs\/#\/schema\/logo\/image\/","url":"https:\/\/www.dehner.de\/jobs\/app\/uploads\/sites\/7\/2025\/12\/dehner-garten-center-koenigsbrunn-revitalisierung-neubau-umbau.png","contentUrl":"https:\/\/www.dehner.de\/jobs\/app\/uploads\/sites\/7\/2025\/12\/dehner-garten-center-koenigsbrunn-revitalisierung-neubau-umbau.png","width":800,"height":1315,"caption":"Karriere bei Dehner"},"image":{"@id":"https:\/\/www.dehner.de\/jobs\/#\/schema\/logo\/image\/"}}]}},"_links":{"self":[{"href":"https:\/\/www.dehner.de\/jobs\/wp-json\/wp\/v2\/pages\/2607","targetHints":{"allow":["GET"]}}],"collection":[{"href":"https:\/\/www.dehner.de\/jobs\/wp-json\/wp\/v2\/pages"}],"about":[{"href":"https:\/\/www.dehner.de\/jobs\/wp-json\/wp\/v2\/types\/page"}],"author":[{"embeddable":true,"href":"https:\/\/www.dehner.de\/jobs\/wp-json\/wp\/v2\/users\/1"}],"replies":[{"embeddable":true,"href":"https:\/\/www.dehner.de\/jobs\/wp-json\/wp\/v2\/comments?post=2607"}],"version-history":[{"count":22,"href":"https:\/\/www.dehner.de\/jobs\/wp-json\/wp\/v2\/pages\/2607\/revisions"}],"predecessor-version":[{"id":28848,"href":"https:\/\/www.dehner.de\/jobs\/wp-json\/wp\/v2\/pages\/2607\/revisions\/28848"}],"up":[{"embeddable":true,"href":"https:\/\/www.dehner.de\/jobs\/wp-json\/wp\/v2\/pages\/1133"}],"wp:featuredmedia":[{"embeddable":true,"href":"https:\/\/www.dehner.de\/jobs\/wp-json\/wp\/v2\/media\/8875"}],"wp:attachment":[{"href":"https:\/\/www.dehner.de\/jobs\/wp-json\/wp\/v2\/media?parent=2607"}],"curies":[{"name":"wp","href":"https:\/\/api.w.org\/{rel}","templated":true}]}}