{"id":237,"date":"2021-01-20T10:42:52","date_gmt":"2021-01-20T09:42:52","guid":{"rendered":"https:\/\/www.dehner.de\/blumenpark\/?page_id=237"},"modified":"2024-01-05T09:05:20","modified_gmt":"2024-01-05T08:05:20","slug":"anfahrt","status":"publish","type":"page","link":"https:\/\/www.dehner.de\/blumenpark\/reiseinfo\/anfahrt\/","title":{"rendered":"Anfahrt"},"content":{"rendered":"<div id=\"page-hero\">\n    <div class=\"ce-slidercontainer hero-slider\">\n        <div class=\"slider\" id=\"slider-block_600aacb77616b\" data-slick='{&quot;autoplay&quot;:true,&quot;arrows&quot;:false,&quot;dots&quot;:false,&quot;slidesToShow&quot;:1,&quot;slidesToScroll&quot;:1}'>\n            <div class=\"ce-slideritem\">                            <div class=\"slide-text\">\n                                <header>\n                                    <h2>Ihre Anreise in den Blumenpark<\/h2>\n                                <\/header>\n                                <p>Wir freuen uns auf Ihren Besuch<\/p>\n                                                            <\/div>\n                        \n                                                    <picture>\n                                                                    <source media=\"(min-width:1200px)\" srcset=\"https:\/\/www.dehner.de\/blumenpark\/app\/uploads\/sites\/5\/2021\/03\/Blumenpark-Barockgarten-Fruehling-1920x740.jpg 1x\">\n                                                                    <source media=\"(min-width:992px)\" srcset=\"https:\/\/www.dehner.de\/blumenpark\/app\/uploads\/sites\/5\/2021\/03\/Blumenpark-Barockgarten-Fruehling-1280x560.jpg 1x\">\n                                                                    <source media=\"(min-width:768px)\" srcset=\"https:\/\/www.dehner.de\/blumenpark\/app\/uploads\/sites\/5\/2021\/03\/Blumenpark-Barockgarten-Fruehling-992x434.jpg 1x\">\n                                                                    <source media=\"(min-width:544px)\" srcset=\"https:\/\/www.dehner.de\/blumenpark\/app\/uploads\/sites\/5\/2021\/03\/Blumenpark-Barockgarten-Fruehling-768x500.jpg 1x\">\n                                                                <img decoding=\"async\" src=\"https:\/\/www.dehner.de\/blumenpark\/app\/uploads\/sites\/5\/2021\/03\/Blumenpark-Barockgarten-Fruehling-480x400.jpg\" alt=\"\"\/>\n                            <\/picture>\n                                                <\/div>\n                            <\/div>\n    <\/div><a href=\"javascript:void(0)\" class=\"btn btn-circle scroll-down\"><svg class=\"icon svg-chevron-down-dims \" viewBox=\"0 0 16 10\" role=\"img\" aria-labelledby=\"title\"><use xlink:href=\"https:\/\/www.dehner.de\/blumenpark\/app\/themes\/dehner-unternehmen\/assets\/images\/icons\/icons-symbols.svg#chevron-down\"><\/use><\/svg><\/a>\n<\/div>\n\n\n<div class=\"container page-content dehner-paragraph \">\n\t<div class=\"ce-gridRow6040 row\">\n\t\t<div class=\"colpos-101 col-xs-12 col-md-7\">\n\t\t\t<div id=\"block_600aace07616d\" class=\"ce-text\">\n\t\t\t\t<header class=\"fsc\">\n\t\t\t\t\t\t\t\t\t\t\t\t\t\t\t\t<h2>Wie kommen Sie in den Blumenpark<\/h2>\n\t\t\t\t\t\t\t\t\t<\/header>\n\t\t\t\t<div class=\"bodytext\">\n\t\t\t\t\t\t\t\t\t\t\t<div>\n<p>Ob per Auto,\u00a0<a class=\"external-link\" title=\"Agilis Verkehrsgesellschaft\" href=\"http:\/\/www.agilis.de\/\" target=\"_blank\" rel=\"noopener\">Zug<\/a>\u00a0oder Bus. Der Blumenpark in Rain am Lech ist mit allen Verkehrsmitteln gut erreichbar.<\/p>\n<\/div>\n<div><\/div>\n<div>\n<p>Im Herzen des Landkreis DONAURIES ist der Blumenpark in nur kurzer Fahrzeit von Augsburg (ca. 30 Minuten), M\u00fcnchen (ca. 1 Stunde), N\u00fcrnberg (ca. 1,5 Stunden) und Stuttgart (ca. 2 Stunden) entfernt.<\/p>\n<\/div>\n<div><\/div>\n<div>\n<p>Direkt am Blumenpark stehen Ihnen\u00a0<b>800 kostenfreie Parkpl\u00e4tze<\/b>\u00a0zur Verf\u00fcgung.<\/p>\n<\/div>\n\t\t\t\t\t\t\t\t\t<\/div>\n\t\t\t<\/div>\n\t\t<\/div>\n\t\t\t\t\t<div class=\"colpos-102 col-xs-12 col-md-5\">\n\t\t\t\t\t\t\t\t\t\t<div id=\"block_600aace07616d\" class=\"ce-ctabox\">\n\t\t\t\t\t\t\t<header class=\"fsc hyphenate\">\n\t\t\t\t\t\t\t\t\t\t\t\t\t\t\t\t\t<strong class=\"subheader\">Wegbeschreibung vom Bahnhof Rain<\/strong>\n\t\t\t\t\t\t\t\t\t\t\t\t\t\t\t\t\t\t\t\t\t\t\t\t\t<h2>Zu Fu\u00df in den Blumenpark<\/h2>\n\t\t\t\t\t\t\t\t\t\t\t\t\t\t\t<header>\n\t\t\t\t\t\t\t\t\t\t\t\t\t\t\t\t\t\t\t\t\t\t\t\t<a\n                                        href=\"https:\/\/www.google.com\/maps\/dir\/Bahnhof+Rain\/48.6891385,10.9116708\/@48.6925863,10.9094673,15z\/data=!3m1!4b1!4m10!4m9!1m5!1m1!1s0x479edca7848c359f:0xbcc3301a32186131!2m2!1d10.9278489!2d48.6960351!1m1!4e1!3e2?entry=ttu\"\n                                        target=\"_blank\"\n                                        class=\"btn btn-primary\"\n                                    >\n                                        Kinderroute                                     <\/a>\n\t\t\t\t\t\t\t\t\t\t\t\t\t\t\t\t\t\t\t\t\t<\/div>\n\t\t\t\t\t\t\t\t\t\t\t\t\t\t\t<div id=\"block_600aace07616d\" class=\"ce-image\">\n\t\t\t\t\t\t\t<picture><img decoding=\"async\" class=\"img-responsive\" src=\"https:\/\/www.dehner.de\/blumenpark\/app\/uploads\/sites\/5\/2024\/01\/Kinderroute-Dehner-Naturlehrgarten3.jpg\" srcset=\"https:\/\/www.dehner.de\/blumenpark\/app\/uploads\/sites\/5\/2024\/01\/Kinderroute-Dehner-Naturlehrgarten3.jpg 444w, https:\/\/www.dehner.de\/blumenpark\/app\/uploads\/sites\/5\/2024\/01\/Kinderroute-Dehner-Naturlehrgarten3-150x150.jpg 150w\" sizes=\"(max-width: ) 100vw, \"\/><\/picture>\t\t\t\t\t\t<\/div>\n\n\t\t\t\t\t\t\t\t\t\t\t\t<\/div>\n\t\t\t<\/div>\n<\/div>\n\n\n\n<div class=\"container page-content blumenpark-google-map\">\n    <div class=\"ce-html\">\n        <h2>Routenplaner &amp; Kartenausschnitt <\/h2>\n        <form action=\"\/\/maps.google.com\/maps\" method=\"get\" target=\"_blank\" style=\"margin: 30px 0;\" _lpchecked=\"1\">\n            <div class=\"row\">\n                <div class=\"ol-xs-12 col-md-5\">\n                    <label style=\"margin-right: 15px\" for=\"map-saddr\">Ihre Adresse <\/label>\n                    <input style=\"margin-right: 15px;width: 150px; height: 37.5px;line-height: 37.5px;display: inline-block;\" type=\"text\" name=\"saddr\" id=\"map-saddr\" value=\"\" class=\"form-control\">\n                <\/div>\n                <div class=\"ol-xs-12 col-md-7\">\n                    <label style=\"margin-right: 15px\">Dehner Blumenpark<\/label>\n                    <input type=\"hidden\" name=\"daddr\" value=\"Dehner, Donauw\u00f6rther Str. 5, 86641 Rain\">\n                    <button class=\"btn btn-secondary\">Route berechnen<\/button>\n                <\/div>\n            <\/div>\n        <\/form>\n\n\n        <div id=\"dehner-gmap_canvas\" class=\"gmap_canvas\">\n            <div style=\"height:600px;width:100%;\">\n\n                <style type=\"text\/css\" media=\"screen\">.gm-style img{max-width: none !important; background:none !important;}.gm-style-iw{height:auto !important; color:#000000; display:block; white-space:nowrap; width:auto !important; line-height:18px; overflow:hidden !important;}<\/style>\n                <div style=\"height:600px;width:100%;overflow:hidden;\">\n                    <div id=\"gmap_canvas\" style=\"height:600px; width:100%;\">\n                         <div style=\"padding: 50px; font-size:20px; text-align: center;\">\n                        <span style=\"font-size:30px; margin-bottom:20px; display: block;\">\n                            Jetzt kann nur noch ein Cookie helfen!<\/span>\n                            Wir benutzen Drittanbieter um Kartenmaterial einzubinden. Diese k\u00f6nnen pers\u00f6nliche Daten \u00fcber Ihre Aktivit\u00e4ten sammeln.Bitte beachten Sie die Details und geben Sie Ihre Einwilligung\n                            <div>\n                                <button style=\"margin: 10px;\" class=\"btn btn-secondary\" onclick=\"uc.ucapi.showInfoModal('S1pcEj_jZX'); return false;\">Mehr Informationen<\/button>\n                                <button class=\"btn btn-primary\" style=\"margin: 10px;\" onclick=\"uc.ucapi.setConsents([{'templateId':'S1pcEj_jZX', 'status':true}])\">Akzeptieren<\/button>\n                            <\/div>\n                        <\/div>\n                    <\/div>\n                <\/div>\n                <script type=\"text\/plain\" data-usercentrics=\"Google Maps\" src=\"\/\/maps.google.com\/maps\/api\/js?v=3&#038;sensor=false&#038;key=AIzaSyDg59aalRuApDOcNPuXe_6Vmhe6OnowK7Y&#038;callback=mapsScriptInitialized\"><\/script>\n                <script type=\"application\/javascript\">\n                    function mapsScriptInitialized(){\n                        if (window.google) {\n                            let myOptions = {\n                                zoom: 8,\n                                center: new google.maps.LatLng(48.68894002833356,10.91111827705423),\n                                mapTypeId: google.maps.MapTypeId.HYBRID\n                            };\n                            let map = new google.maps.Map(document.getElementById(\"gmap_canvas\"), myOptions);\n                            let marker = new google.maps.Marker({map: map,position: new google.maps.LatLng(48.68894002833356, 10.91111827705423)});\n                            let infowindow = new google.maps.InfoWindow({content:\"<span style='height:auto !important; display:block; white-space:nowrap; overflow:hidden !important;'><strong style='font-weight:400;'>Dehner Blumenpark<\/strong><br>Donauw\u00f6rther Str. 3,-5<br>86641 Rain am Lech<\/span>\" });\n                            if (infowindow.content) {\n                                google.maps.event.addListener(marker, \"click\", function(){infowindow.open(map,marker);});\n                                infowindow.open(map,marker);\n                                google.maps.event.trigger(map, 'resize');\n                            }\n                        }\n                    }\n                <\/script>\n                <!--link start-->\n                <div style=\"width:100%;text-align:right;font-size:20px;font-family:myriad;\"><\/div>\n                <!--link end-->\n            <\/div>\n        <\/div>\n    <\/div>\n<\/div>\n","protected":false},"excerpt":{"rendered":"","protected":false},"author":1,"featured_media":0,"parent":235,"menu_order":0,"comment_status":"closed","ping_status":"closed","template":"","meta":{"_acf_changed":false,"footnotes":""},"class_list":["post-237","page","type-page","status-publish","hentry"],"acf":[],"yoast_head":"<!-- This site is optimized with the Yoast SEO plugin v24.5 - https:\/\/yoast.com\/wordpress\/plugins\/seo\/ -->\n<title>Anfahrt - Dehner Blumenpark<\/title>\n<meta name=\"robots\" content=\"index, follow, max-snippet:-1, max-image-preview:large, max-video-preview:-1\" \/>\n<link rel=\"canonical\" href=\"https:\/\/www.dehner.de\/blumenpark\/reiseinfo\/anfahrt\/\" \/>\n<meta property=\"og:locale\" content=\"de_DE\" \/>\n<meta property=\"og:type\" content=\"article\" \/>\n<meta property=\"og:title\" content=\"Anfahrt - Dehner Blumenpark\" \/>\n<meta property=\"og:url\" content=\"https:\/\/www.dehner.de\/blumenpark\/reiseinfo\/anfahrt\/\" \/>\n<meta property=\"og:site_name\" content=\"Dehner Blumenpark\" \/>\n<meta property=\"article:modified_time\" content=\"2024-01-05T08:05:20+00:00\" \/>\n<meta name=\"twitter:card\" content=\"summary_large_image\" \/>\n<script type=\"application\/ld+json\" class=\"yoast-schema-graph\">{\"@context\":\"https:\/\/schema.org\",\"@graph\":[{\"@type\":\"WebPage\",\"@id\":\"https:\/\/www.dehner.de\/blumenpark\/reiseinfo\/anfahrt\/\",\"url\":\"https:\/\/www.dehner.de\/blumenpark\/reiseinfo\/anfahrt\/\",\"name\":\"Anfahrt - Dehner Blumenpark\",\"isPartOf\":{\"@id\":\"https:\/\/www.dehner.de\/blumenpark\/#website\"},\"datePublished\":\"2021-01-20T09:42:52+00:00\",\"dateModified\":\"2024-01-05T08:05:20+00:00\",\"breadcrumb\":{\"@id\":\"https:\/\/www.dehner.de\/blumenpark\/reiseinfo\/anfahrt\/#breadcrumb\"},\"inLanguage\":\"de-DE\",\"potentialAction\":[{\"@type\":\"ReadAction\",\"target\":[\"https:\/\/www.dehner.de\/blumenpark\/reiseinfo\/anfahrt\/\"]}]},{\"@type\":\"BreadcrumbList\",\"@id\":\"https:\/\/www.dehner.de\/blumenpark\/reiseinfo\/anfahrt\/#breadcrumb\",\"itemListElement\":[{\"@type\":\"ListItem\",\"position\":1,\"name\":\"Home\",\"item\":\"https:\/\/www.dehner.de\/blumenpark\/\"},{\"@type\":\"ListItem\",\"position\":2,\"name\":\"Reiseinfo\",\"item\":\"https:\/\/www.dehner.de\/blumenpark\/reiseinfo\/\"},{\"@type\":\"ListItem\",\"position\":3,\"name\":\"Anfahrt\"}]},{\"@type\":\"WebSite\",\"@id\":\"https:\/\/www.dehner.de\/blumenpark\/#website\",\"url\":\"https:\/\/www.dehner.de\/blumenpark\/\",\"name\":\"Dehner Blumenpark\",\"description\":\"Dehner Blumenpark in Rain am Lech\",\"potentialAction\":[{\"@type\":\"SearchAction\",\"target\":{\"@type\":\"EntryPoint\",\"urlTemplate\":\"https:\/\/www.dehner.de\/blumenpark\/?s={search_term_string}\"},\"query-input\":{\"@type\":\"PropertyValueSpecification\",\"valueRequired\":true,\"valueName\":\"search_term_string\"}}],\"inLanguage\":\"de-DE\"}]}<\/script>\n<!-- \/ Yoast SEO plugin. -->","yoast_head_json":{"title":"Anfahrt - Dehner Blumenpark","robots":{"index":"index","follow":"follow","max-snippet":"max-snippet:-1","max-image-preview":"max-image-preview:large","max-video-preview":"max-video-preview:-1"},"canonical":"https:\/\/www.dehner.de\/blumenpark\/reiseinfo\/anfahrt\/","og_locale":"de_DE","og_type":"article","og_title":"Anfahrt - Dehner Blumenpark","og_url":"https:\/\/www.dehner.de\/blumenpark\/reiseinfo\/anfahrt\/","og_site_name":"Dehner Blumenpark","article_modified_time":"2024-01-05T08:05:20+00:00","twitter_card":"summary_large_image","schema":{"@context":"https:\/\/schema.org","@graph":[{"@type":"WebPage","@id":"https:\/\/www.dehner.de\/blumenpark\/reiseinfo\/anfahrt\/","url":"https:\/\/www.dehner.de\/blumenpark\/reiseinfo\/anfahrt\/","name":"Anfahrt - Dehner Blumenpark","isPartOf":{"@id":"https:\/\/www.dehner.de\/blumenpark\/#website"},"datePublished":"2021-01-20T09:42:52+00:00","dateModified":"2024-01-05T08:05:20+00:00","breadcrumb":{"@id":"https:\/\/www.dehner.de\/blumenpark\/reiseinfo\/anfahrt\/#breadcrumb"},"inLanguage":"de-DE","potentialAction":[{"@type":"ReadAction","target":["https:\/\/www.dehner.de\/blumenpark\/reiseinfo\/anfahrt\/"]}]},{"@type":"BreadcrumbList","@id":"https:\/\/www.dehner.de\/blumenpark\/reiseinfo\/anfahrt\/#breadcrumb","itemListElement":[{"@type":"ListItem","position":1,"name":"Home","item":"https:\/\/www.dehner.de\/blumenpark\/"},{"@type":"ListItem","position":2,"name":"Reiseinfo","item":"https:\/\/www.dehner.de\/blumenpark\/reiseinfo\/"},{"@type":"ListItem","position":3,"name":"Anfahrt"}]},{"@type":"WebSite","@id":"https:\/\/www.dehner.de\/blumenpark\/#website","url":"https:\/\/www.dehner.de\/blumenpark\/","name":"Dehner Blumenpark","description":"Dehner Blumenpark in Rain am Lech","potentialAction":[{"@type":"SearchAction","target":{"@type":"EntryPoint","urlTemplate":"https:\/\/www.dehner.de\/blumenpark\/?s={search_term_string}"},"query-input":{"@type":"PropertyValueSpecification","valueRequired":true,"valueName":"search_term_string"}}],"inLanguage":"de-DE"}]}},"_links":{"self":[{"href":"https:\/\/www.dehner.de\/blumenpark\/wp-json\/wp\/v2\/pages\/237","targetHints":{"allow":["GET"]}}],"collection":[{"href":"https:\/\/www.dehner.de\/blumenpark\/wp-json\/wp\/v2\/pages"}],"about":[{"href":"https:\/\/www.dehner.de\/blumenpark\/wp-json\/wp\/v2\/types\/page"}],"author":[{"embeddable":true,"href":"https:\/\/www.dehner.de\/blumenpark\/wp-json\/wp\/v2\/users\/1"}],"replies":[{"embeddable":true,"href":"https:\/\/www.dehner.de\/blumenpark\/wp-json\/wp\/v2\/comments?post=237"}],"version-history":[{"count":26,"href":"https:\/\/www.dehner.de\/blumenpark\/wp-json\/wp\/v2\/pages\/237\/revisions"}],"predecessor-version":[{"id":2159,"href":"https:\/\/www.dehner.de\/blumenpark\/wp-json\/wp\/v2\/pages\/237\/revisions\/2159"}],"up":[{"embeddable":true,"href":"https:\/\/www.dehner.de\/blumenpark\/wp-json\/wp\/v2\/pages\/235"}],"wp:attachment":[{"href":"https:\/\/www.dehner.de\/blumenpark\/wp-json\/wp\/v2\/media?parent=237"}],"curies":[{"name":"wp","href":"https:\/\/api.w.org\/{rel}","templated":true}]}}